late -72 - (13 + -5 - (1 - -40)).
-39
What is the value of -38 + (26 - 3) - -12?
-3
(72 - 142) + (-1 - -14) - (-8 + 18 - -1)
-68
Calculate 16 + -142 + -2 + 6 + 3 + 12.
-107
What is the value of 21 - ((-32 - -48) + -5)?
10
Evaluate -71 + (-30 - (-33 + 13)) + 1 + 4 + 5.
-71
Calculate (-14 + -10 - (11 - 23)) + -25.
-37
Calculate (17202 - 17222) + (-2 - (-35 + 2)).
11
What is (45 + -39 - 12) + -17?
-23
(326 - 305) + (2 - 1 - -13)
35
What is the value of 0 - -1 - ((27 + 1 - 27) + 47 - -21)?
-68
What is the value of (-52 - (-50 + 8)) + -31 + (0 - 4) + -1?
-46
What is -79 + (50 - -55) - (-1 + -56)?
83
Evaluate (1 - (2 + 0 + 42)) + (138 + -61 - 68).
-34
What is the value of -30 - -169 - 104 - 126?
-91
Calculate (8 - 131) + 30 + -8 + -1 + -12.
-114
What is 11 + 3 + -35 + (-6 - -31) + 32?
36
What is the value of 46 + (-9 - 2) + (-3 - -15 - 1) + 8?
54
6 + -3 - 6 - ((41 - 22) + -11)
-11
What is the value of (-864 - -879) + 5 + 1 + -139?
-118
(17 - (-10 + 11)) + -17 - (3 - 17 - -4)
9
What is the value of 124 + -4 + (1113 - 1254)?
-21
-583 + 545 + -17 + 0
-55
637 + 115 + -742 + 1 + (0 - -68)
79
Evaluate -111 - ((-119 - -54) + 10).
-56
What is the value of (-292 - -173) + 13 + -1?
-107
Calculate (54 + -28 - 30) + -93 + -42.
-139
-14 - (-4 - ((-25 - -35) + -106))
-106
What is 5865 + -5844 - (0 + -9)?
30
What is 32 - (-7 + (-51 - -43))?
47
What is the value of 13 + 33 + -8 + 0 + (-4 - 5)?
29
Evaluate -222 + 187 - (-13 + 6 + -20).
-8
Evaluate 4 - -25 - (1307 + -1288).
10
Evaluate -10 + (79 - (49 - 36)).
56
-45 + (41 - 62) - 2
-68
Evaluate -7 - ((17 + -4 + -12 - 15) + 6).
1
What is (14 - (21 + -109)) + (3 - 13)?
92
What is the value of 25 - (158 + -56) - -62?
-15
Calculate 111 + -59 + 10 - 90.
-28
-24 + 26 + 7 + -60
-51
-11 + (13 - (0 - -9) - -6) + -14
-15
What is -17 - (-15 - (6 + -4)) - (15 - -1)?
-16
What is the value of 179 + -192 + (14 - -1 - -45)?
47
Calculate -1 - 10 - (-7 - -24 - 14 - 47).
33
What is 43 + -83 + 39 + -18?
-19
Evaluate (21 - 20) + -9 - -6 - -84.
82
What is -77 - -131 - 69 - (112 - (2 + -1))?
-126
What is the value of (-2 - -2) + (-9 - -22 - 25) + (-53 - -43)?
-22
What is the value of -49 + (16 - 64 - -23) + 31?
-43
What is the value of (-1867 - -1892) + (38 - 3)?
60
-6 - (-3 + (-43 - -11) + 19)
10
3 + -149 - (1417 - 1620)
57
Calculate 98 - (7 + 5 + 11 - 15) - (1 - 11).
100
Evaluate 0 + -74 - (5 + (-2 - (15 + -12)) + 1).
-75
Calculate (87 - 1) + 24302 + -24305.
83
90 + (-69 - (-77 + 4) - (8 + (1 - 1)))
86
(64 - 15 - (12 - (7 + -7))) + -3 + 8
42
Calculate -1 - 27 - (57 + (123 - 170)).
-38
What is the value of 78 + -219 + (-185 - -445)?
119
Evaluate -7 + 126 + (20 - 7 - 35) + 16.
113
Calculate (1 - -14) + 56 + (-1 - 12) - -10.
68
What is -27 + (-3 - 2) + -2 + -48 + 45?
-37
Calculate 50 + 21 + (14 - 71).
14
Calculate -32 + -2 + 0 - (-12 + (-43 - 1) + 66).
-44
What is 50 + (-12 - -8 - 3 - (-20 + 25))?
38
Calculate (-91 - (-5 + -9 + 11 + -15)) + -20.
-93
Evaluate (165 - 283 - -94) + -35.
-59
What is -82 - (-74 + (51 - 63))?
4
What is (-10 - -6) + (-45 - -1 - (367 + -365))?
-50
-87 + 103 + (54 + -45 - (8 - -1))
16
What is the value of 92 + -43 - 98 - 38?
-87
What is (165 - 89 - 204) + -27?
-155
What is 70 - 40 - -3 - 68?
-35
What is -29 + 2 - (-109 - (-49 - 33))?
0
What is the value of -7 - (145 + -100 + -15 - ((1 - -5) + -2))?
-33
What is the value of (-49 + -16 - -17) + 20 - -96?
68
What is the value of -2 + -7 + (-10 + 19 + -16 - 31)?
-47
Calculate 1 + 60 + -196 + 50 + -9.
-94
What is the value of -99 + (210 - 108 - 140)?
-137
Calculate -49 + (18 - 0) + (-14 - -1).
-44
Calculate 70 + (-143 - -104) + -13 + 1.
19
What is -1 + -29 - ((-2107 - -2112) + -1 + -14)?
-20
Evaluate 107 - 111 - (3 + (-2 - 60) + 4 + -4).
55
What is the value of 96 + (95 - 49) - 52?
90
Evaluate (-11 - (-12 + 2)) + 12 + 45 + -4.
52
(59 - 99) + 19 + 25
4
Calculate 1 - -2 - 2 - (154 + -52 + -119).
18
What is the value of 43 - ((-1 - -1) + 2 + (-7 - 3 - -10))?
41
Evaluate -40 - -3 - ((0 - (-2 - 7)) + -7 + 4).
-43
30 - 34 - (0 + 2 + 3 + 5)
-14
What is the value of (-5 - -2) + (2 - -6) - (365 + -374)?
14
What is 4 + 0 - -1 - ((52 - -52) + -90)?
-9
Calculate -24 - (-1 - (-103 - -18)) - (-5 + 6).
-109
Calculate 3 + 126 + -59 - 26.
44
Calculate 0 - (-17 + 22) - (-81 - (5 + 2)).
83
Calculate -61 + (16 - 9 - (-3 + 9 - (5 + -3))).
-58
What is the value of 31 + -13 + 49 - 16 - (12 + -1)?
40
What is 3 + (15 - (-8 + (-108 - (-9 - -24)) - -4))?
145
What is the value of 3 + (12 - 3) - (-34 + 10 - 45)?
81
Calculate (-4 - (1 - -2) - 0) + 15 - 66 - 8.
-66
What is (29 - 15) + (2 + -7 - (22 + -15 + -20))?
22
(99 - 25) + (-65 - -54) + -19
44
173 + -92 + -93 - -121
109
What is (33 - 30 - 7) + -15?
-19
-2 - 12 - ((1 - -1) + -249 + 250) - 10
-27
What is -67 + 28 + -6 + (6 - 4) + -10?
-53
Calculate -46 - ((13 - 29) + 23 - 22).
-31
(-16 - (16 + -10 - (2 + 0))) + 136 + -131
-15
15 + -1 - (-126 + 203 - 58) - (-27 - 0)
22
Evaluate -4 - (-3 + -55 - -3) - (19 - 37 - -20).
49
Evaluate 15 + (-40 - -63) - (2 - 18) - 10.
44
What is -23 + -10 + 22 - -8 - -9 - -18?
24
Evaluate ((14 - 13) + -6 - -13) + (0 + 0 - 75).
-67
What is the value of -34 + -9 + 19 + (-3 - -92)?
65
Evaluate 66 + -38 + -38 + 58.
48
3 - (-6 + (-9 + 18 - 2))
2
Evaluate 209 - (1 - -148) - (2 - -2 - 13).
69
What is the value of -33 - (-22 + 72 - 26 - -1)?
-58
Evaluate 34 - (-23 + 42) - (0 - -26).
-11
What is -140 + (109 - 86) + 37?
-80
(2 - -16 - -1) + (-5 - (3 + -21))
32
What is the value of -9 + 0 + (-1 - 15 - (-26 + 41 + 16))?
-56
Evaluate -3 - (24 - 15) - -20 - 29.
-21
Evaluate 26 - (-42 - -36) - (-4 + 0 + -2).
38
What is 0 - 10 - (1748 + -1745)?
-13
What is -2 - 102 - (-14898 - -14785)?
9
Calculate (49 - 19) + 63 + (-7 - (-1 - (-5 - -1))).
83
What is 1 + (11 - 5) - 4 - (-2 - -1)?
4
Evaluate (-6 + 8 + (-8 - -8) + -72 - 3) + -10.
-83
23 - ((-19 - -26) + -35 - -33)
18
Evaluate 22 - ((202 + -220 - (1 + -13)) + -2).
30
-30 - (-86 + 28 + -14 - 35)
77
What is (20 - (-14 + 23)) + 14?
25
What is -16 + 38 + -77 - (2 - -4)?
-61
What is (-12 - (-11 - (6 + -8))) + -5 + 30?
22
What is 70 + -1 + (-6 - (-3 + 3 + -4 - -3))?
64
Evaluate 3 + (-3 - -11) + -491 + 529 + (0 - 69).
-20
Evaluate 17 + -67 + 32 - -37.
19
Calculate (5 - 15) + 1 - (-66 - (-11 - -20)).
66
48 + -3 + 92 + (-71 - 45)
21
64 - (11 + (14 - 11) + (-7 - 5) + 4)
58
-8 + (12 - 4) + (-179 - -148)
-31
-189 - -215 - (6 - 1)
21
What is -64 + -5 + (35 - 14 - 22) + -6?
-76
What is the value of -1011 + 1020 - ((-2 - (8 - 5)) + -40)?
54
What is -35 + -36 + 67 + -22?
-26
-6 + (15 - 12 - 12) - -15 - 33
-33
What is 54 + -65 + -6 - (-1 + -12)?
-4
Evaluate 30 + (0 + 14 + (-6 - 9) + 7 - 4).
32
Calculate 3 + (8 - 8) + -10 + -14.
-21
103 + (107 - 70 - 99)
41
What is 35 - 11 - 17 - (-9 + 2)?
14
What is -18 - -16 - (0 - (-41 - (4 + -2) - 4))?
-49
(11 - (2 + -11)) + -4 - (-129 + 253)
-108
Evaluate -25 + -32 + -115 + 86.
-86
Calculate 86 + -117 + (55 - 0) - 9.
15
Evaluate 18 + (0 - -49) - (14 - 9).
62
What is the value of (-42 - (-31 + 7) - 7) + 25?
0
Evaluate -74 - (129 + -60 + -161).
18
Calculate -1 + 41 + 2535 + -2580.
-5
Evaluate (-33 - 33) + 208 - (4 + 3 + (2 - 5)).
138
What is the value of 92 - (-41 + (-151 - -160))?
124
61 - 139 - (3 - (24 - 4))
-61
What is -20 - (57 + -15) - -96?
34
What is the value of (2 - -56) + -1 - (-465 + 473)?
49
(-1 - 11) + (36 - (-14 - -31)) + -30
-23
What is 28 + -46 - (-30 - -13 - -7) - (-90 - 1)?
83
(-11 - (-5 + 0)) + (28 - 20) - -10
12
Calculate -104 + 140 + -20 + -100.
-84
What is the value of 1 - (-5 + 4 + (-7 - 0) - (6 - 58))?
-43
Evaluate (11 - (26 + -13 + -32)) + -14.
16
What is the value of (107 - -4) + (-479 - -346)?
-22
What is -27 + 15 + (-246 - -121)?
-137
Evaluate 42 + 25 + (-39 - -9).
37
What is the value of (80 - (52 - -18)) + (0 - 39)?
-29
What is the value of 22 - 32 - (16 - (51 + 1))?
26
What is -18 + 111 + 14 + -64?
43
Calculate 11 - ((-9 - ((-5 - -11) + -10)) + (4 - -11)).
1
Calculate 147 - ((-68 - 4) + 162).
57
What is (13 - (98 + -37)) + (-4 - 2) + 3?
-51
What is 28 + 94 - (-4 + 112)?
14
Calculate 1241 + -1185 + (-7 - 133).
-84
What is the value of 26 - 16 - 5 - (-2 + 3 + (1 - 7))?
10
Evaluate (67 + -18 - 25) + 2 + 9.
35
What is 39 + (96 - 52) + -81?
2
What is 63 - (50 - -17) - (142 + 4 + -4 + -1)?
-145
(-3459 - -3558) + (6 - 56)
49
What is the value of